{"id":325,"date":"2018-04-08T13:51:55","date_gmt":"2018-04-08T11:51:55","guid":{"rendered":"https:\/\/www.rundwanderweg-triest.de\/?page_id=325"},"modified":"2021-10-15T14:42:41","modified_gmt":"2021-10-15T12:42:41","slug":"sobre-nosotros","status":"publish","type":"page","link":"https:\/\/www.rundwanderweg-triest.de\/es\/ueber-uns\/","title":{"rendered":"Sobre nosotros"},"content":{"rendered":"<div id=\"pl-325\"  class=\"panel-layout\" ><div id=\"pg-325-0\"  class=\"panel-grid panel-no-style\" ><div id=\"pgc-325-0-0\"  class=\"panel-grid-cell\" ><div id=\"panel-325-0-0-0\" class=\"so-panel widget widget_sow-editor panel-first-child panel-last-child\" data-index=\"0\" ><div\n\t\t\t\n\t\t\tclass=\"so-widget-sow-editor so-widget-sow-editor-base\"\n\t\t\t\n\t\t>\n<div class=\"siteorigin-widget-tinymce textwidget\">\n\t<p>Somos entusiastas del senderismo de larga distancia y nos encanta estar en la naturaleza durante unos d\u00edas de vacaciones s\u00f3lo con nuestras mochilas. Desde hace unos a\u00f1os, tambi\u00e9n nos fascina lo m\u00e1s desconocido, <strong>Rutas de senderismo de largo recorrido en el Mediterr\u00e1neo<\/strong> tomada.<\/p>\n<p>El <strong>Combinaci\u00f3n de monta\u00f1a y mar\u00a0<\/strong>y la oportunidad de trabajar en un hermoso y mayormente <strong>alojamiento muy individualizado\u00a0<\/strong>son siempre un motivo para so\u00f1ar con nuestras pr\u00f3ximas vacaciones de senderismo.<\/p>\n<p>A menudo el <strong>Esfuerzo de investigaci\u00f3n<\/strong> Sin embargo, antes de las vacaciones, nos sorprendi\u00f3 bastante que algunas de las rutas de senderismo estuvieran excelentemente trazadas y bien se\u00f1alizadas en el lugar, pero que al mismo tiempo fueran completamente desconocidas en la web.<\/p>\n<p>Tambi\u00e9n el <strong>Editores de libros de actividades al aire libre y de senderismo<\/strong> parecen ignorar en gran medida las rutas de senderismo mediterr\u00e1neo de larga distancia que tanto nos gustan: Es de suponer que las rutas de senderismo de entre seis y diez etapas son demasiado cortas para llenar un libro entero. Y el grupo objetivo potencial es, naturalmente, m\u00e1s peque\u00f1o que el de los libros de senderismo, que se dirigen principalmente a los excursionistas de un d\u00eda.<\/p>\n<p>Por eso, en alg\u00fan momento empezamos a documentar en Internet una de nuestras vacaciones de senderismo, para darnos a conocer. Las numerosas reacciones positivas nos han animado a seguir con esta idea y, entretanto, se han creado m\u00e1s gu\u00edas de senderismo en l\u00ednea. Puede encontrar un resumen actual de nuestros proyectos de senderismo en<\/p>\n<p><a href=\"https:\/\/www.wanderndeluxe.de\/fernwanderwege\/\" target=\"_blank\" rel=\"noopener\">www.wanderndeluxe.de\/fernwanderwege\/<\/a><\/p>\n<p>Estamos deseando compartir nuestro entusiasmo por el senderismo con usted.<\/p>\n<\/div>\n<\/div><\/div><\/div><div id=\"pgc-325-0-1\"  class=\"panel-grid-cell\" ><div id=\"panel-325-0-1-0\" class=\"so-panel widget widget_sow-image panel-first-child panel-last-child\" data-index=\"1\" ><div\n\t\t\t\n\t\t\tclass=\"so-widget-sow-image so-widget-sow-image-default-8b5b6f678277-325\"\n\t\t\t\n\t\t>\n<div class=\"sow-image-container\">\n\t\t\t<a href=\"https:\/\/www.rundwanderweg-triest.de\/wp-content\/uploads\/wandern-rund-um-triest-\u00fcber-uns.jpg\">\n\t\t\t<img \n\tsrc=\"https:\/\/www.rundwanderweg-triest.de\/wp-content\/uploads\/wandern-rund-um-triest-\u00fcber-uns.jpg\" width=\"800\" height=\"800\" srcset=\"https:\/\/www.rundwanderweg-triest.de\/wp-content\/uploads\/wandern-rund-um-triest-\u00fcber-uns.jpg 800w, https:\/\/www.rundwanderweg-triest.de\/wp-content\/uploads\/wandern-rund-um-triest-\u00fcber-uns-150x150.jpg 150w, https:\/\/www.rundwanderweg-triest.de\/wp-content\/uploads\/wandern-rund-um-triest-\u00fcber-uns-300x300.jpg 300w, https:\/\/www.rundwanderweg-triest.de\/wp-content\/uploads\/wandern-rund-um-triest-\u00fcber-uns-768x768.jpg 768w\" sizes=\"(max-width: 800px) 100vw, 800px\" alt=\"\" \t\tclass=\"so-widget-image\"\/>\n\t\t\t<\/a><\/div>\n\n<\/div><\/div><\/div><\/div><\/div>","protected":false},"excerpt":{"rendered":"<p>Wir sind begeisterte Fern-Wanderer und lieben es, im Urlaub f\u00fcr einige Tage nur mit dem Rucksack in der Natur unterwegs zu sein!\u00a0Seit einigen Jahren haben es uns zudem die eher unbekannten, mediterranen Fernwanderwege angetan. Die Kombination von Bergen und Meer\u00a0und die M\u00f6glichkeit, in sch\u00f6nen und meist sehr individuellen Unterk\u00fcnften\u00a0zu \u00fcbernachten, sind f\u00fcr uns immer wieder [&hellip;]<\/p>\n","protected":false},"author":1,"featured_media":0,"parent":0,"menu_order":0,"comment_status":"closed","ping_status":"closed","template":"","meta":{"footnotes":""},"class_list":["post-325","page","type-page","status-publish","hentry","post"],"_links":{"self":[{"href":"https:\/\/www.rundwanderweg-triest.de\/es\/wp-json\/wp\/v2\/pages\/325","targetHints":{"allow":["GET"]}}],"collection":[{"href":"https:\/\/www.rundwanderweg-triest.de\/es\/wp-json\/wp\/v2\/pages"}],"about":[{"href":"https:\/\/www.rundwanderweg-triest.de\/es\/wp-json\/wp\/v2\/types\/page"}],"author":[{"embeddable":true,"href":"https:\/\/www.rundwanderweg-triest.de\/es\/wp-json\/wp\/v2\/users\/1"}],"replies":[{"embeddable":true,"href":"https:\/\/www.rundwanderweg-triest.de\/es\/wp-json\/wp\/v2\/comments?post=325"}],"version-history":[{"count":4,"href":"https:\/\/www.rundwanderweg-triest.de\/es\/wp-json\/wp\/v2\/pages\/325\/revisions"}],"predecessor-version":[{"id":2884,"href":"https:\/\/www.rundwanderweg-triest.de\/es\/wp-json\/wp\/v2\/pages\/325\/revisions\/2884"}],"wp:attachment":[{"href":"https:\/\/www.rundwanderweg-triest.de\/es\/wp-json\/wp\/v2\/media?parent=325"}],"curies":[{"name":"wp","href":"https:\/\/api.w.org\/{rel}","templated":true}]}}

<div id="pl-325"  class="panel-layout" ><div id="pg-325-0"  class="panel-grid panel-no-style" ><div id="pgc-325-0-0"  class="panel-grid-cell" ><div id="panel-325-0-0-0" class="so-panel widget widget_sow-editor panel-first-child panel-last-child" data-index="0" ><div
			
			class="so-widget-sow-editor so-widget-sow-editor-base"
			
		>
<div class="siteorigin-widget-tinymce textwidget">
	<p>Somos entusiastas del senderismo de larga distancia y nos encanta estar en la naturaleza durante unos días de vacaciones sólo con nuestras mochilas. Desde hace unos años, también nos fascina lo más desconocido, <strong>Rutas de senderismo de largo recorrido en el Mediterráneo</strong> tomada.</p>
<p>El <strong>Combinación de montaña y mar </strong>y la oportunidad de trabajar en un hermoso y mayormente <strong>alojamiento muy individualizado </strong>son siempre un motivo para soñar con nuestras próximas vacaciones de senderismo.</p>
<p>A menudo el <strong>Esfuerzo de investigación</strong> Sin embargo, antes de las vacaciones, nos sorprendió bastante que algunas de las rutas de senderismo estuvieran excelentemente trazadas y bien señalizadas en el lugar, pero que al mismo tiempo fueran completamente desconocidas en la web.</p>
<p>También el <strong>Editores de libros de actividades al aire libre y de senderismo</strong> parecen ignorar en gran medida las rutas de senderismo mediterráneo de larga distancia que tanto nos gustan: Es de suponer que las rutas de senderismo de entre seis y diez etapas son demasiado cortas para llenar un libro entero. Y el grupo objetivo potencial es, naturalmente, más pequeño que el de los libros de senderismo, que se dirigen principalmente a los excursionistas de un día.</p>
<p>Por eso, en algún momento empezamos a documentar en Internet una de nuestras vacaciones de senderismo, para darnos a conocer. Las numerosas reacciones positivas nos han animado a seguir con esta idea y, entretanto, se han creado más guías de senderismo en línea. Puede encontrar un resumen actual de nuestros proyectos de senderismo en</p>
<p><a href="https://www.wanderndeluxe.de/fernwanderwege/" target="_blank" rel="noopener">www.wanderndeluxe.de/fernwanderwege/</a></p>
<p>Estamos deseando compartir nuestro entusiasmo por el senderismo con usted.</p>
</div>
</div></div></div><div id="pgc-325-0-1"  class="panel-grid-cell" ><div id="panel-325-0-1-0" class="so-panel widget widget_sow-image panel-first-child panel-last-child" data-index="1" ><div
			
			class="so-widget-sow-image so-widget-sow-image-default-8b5b6f678277-325"
			
		>
<div class="sow-image-container">
			<a href="https://www.rundwanderweg-triest.de/wp-content/uploads/wandern-rund-um-triest-über-uns.jpg">
			<img 
	src="https://www.rundwanderweg-triest.de/wp-content/uploads/wandern-rund-um-triest-über-uns.jpg" width="800" height="800" srcset="https://www.rundwanderweg-triest.de/wp-content/uploads/wandern-rund-um-triest-über-uns.jpg 800w, https://www.rundwanderweg-triest.de/wp-content/uploads/wandern-rund-um-triest-über-uns-150x150.jpg 150w, https://www.rundwanderweg-triest.de/wp-content/uploads/wandern-rund-um-triest-über-uns-300x300.jpg 300w, https://www.rundwanderweg-triest.de/wp-content/uploads/wandern-rund-um-triest-über-uns-768x768.jpg 768w" sizes="(max-width: 800px) 100vw, 800px" alt="" 		class="so-widget-image"/>
			</a></div>

</div></div></div></div></div>

<p>Wir sind begeisterte Fern-Wanderer und lieben es, im Urlaub für einige Tage nur mit dem Rucksack in der Natur unterwegs zu sein! Seit einigen Jahren haben es uns zudem die eher unbekannten, mediterranen Fernwanderwege angetan. Die Kombination von Bergen und Meer und die Möglichkeit, in schönen und meist sehr individuellen Unterkünften zu übernachten, sind für uns immer wieder [&hellip;]</p>
